 ten millions digit of 269174728?
6
What is the tens digit of 50070062?
6
What is the units digit of 97468663?
3
What is the thousands digit of 16364242?
4
What is the hundreds digit of 354665056?
0
What is the units digit of 10405740?
0
What is the ten thousands digit of 29082594?
8
What is the hundred millions digit of 418363979?
4
What is the units digit of 91743679?
9
What is the thousands digit of 38716693?
6
What is the ten thousands digit of 128733217?
3
What is the tens digit of 1899195?
9
What is the units digit of 118862531?
1
What is the ten millions digit of 327761559?
2
What is the millions digit of 47151946?
7
What is the units digit of 448818829?
9
What is the ten thousands digit of 115963937?
6
What is the ten thousands digit of 3321408305?
0
What is the ten millions digit of 542323800?
4
What is the hundred thousands digit of 7412146934?
1
What is the ten thousands digit of 699268?
9
What is the hundreds digit of 97604184?
1
What is the hundred millions digit of 162383525?
1
What is the ten thousands digit of 912803168?
0
What is the ten thousands digit of 34838098?
3
What is the ten millions digit of 22908856?
2
What is the ten millions digit of 2085179307?
8
What is the hundreds digit of 370657660?
6
What is the hundred millions digit of 517723336?
5
What is the hundred millions digit of 413121332?
4
What is the hundred millions digit of 159881137?
1
What is the hundreds digit of 327373743?
7
What is the hundred thousands digit of 2769367861?
3
What is the thousands digit of 960797436?
7
What is the thousands digit of 1171073378?
3
What is the thousands digit of 23949936?
9
What is the units digit of 483083748?
8
What is the hundred thousands digit of 313426546?
4
What is the hundred thousands digit of 3747523?
7
What is the hundred millions digit of 766852611?
7
What is the hundred millions digit of 319157678?
3
What is the hundred millions digit of 359000524?
3
What is the units digit of 3016283412?
2
What is the millions digit of 468864228?
8
What is the thousands digit of 674530482?
0
What is the hundred millions digit of 988455373?
9
What is the hundred thousands digit of 165705928?
7
What is the hundred thousands digit of 57314004?
3
What is the tens digit of 3330128180?
8
What is the millions digit of 106072363?
6
What is the ten millions digit of 129242193?
2
What is the millions digit of 41886286?
1
What is the tens digit of 6838457362?
6
What is the billions digit of 3243637447?
3
What is the millions digit of 1008320117?
8
What is the tens digit of 815042125?
2
What is the hundred thousands digit of 564822261?
8
What is the units digit of 17397268?
8
What is the millions digit of 413948449?
3
What is the millions digit of 41611776?
1
What is the thousands digit of 265103264?
3
What is the ten millions digit of 4700857023?
0
What is the hundred millions digit of 528936014?
5
What is the ten thousands digit of 208749532?
4
What is the millions digit of 294180231?
4
What is the hundred thousands digit of 45302870?
3
What is the hundred thousands digit of 116727313?
7
What is the hundreds digit of 103539455?
4
What is the hundred thousands digit of 103084?
1
What is the millions digit of 344488143?
4
What is the ten millions digit of 66919579?
6
What is the ten thousands digit of 457471720?
7
What is the units digit of 50205566?
6
What is the tens digit of 965108?
0
What is the ten thousands digit of 110124080?
2
What is the billions digit of 3407190712?
3
What is the thousands digit of 123983143?
3
What is the units digit of 229230064?
4
What is the thousands digit of 1549743525?
3
What is the tens digit of 2871483659?
5
What is the thousands digit of 452055103?
5
What is the tens digit of 17396227?
2
What is the tens digit of 140979934?
3
What is the units digit of 220021780?
0
What is the tens digit of 1888090153?
5
What is the ten thousands digit of 1436634486?
3
What is the ten millions digit of 1914981399?
1
What is the thousands digit of 66827371?
7
What is the thousands digit of 3357377638?
7
What is the ten thousands digit of 27597805?
9
What is the hundred millions digit of 4173916403?
1
What is the ten millions digit of 3798635904?
9
What is the hundreds digit of 2001704153?
1
What is the thousands digit of 191711841?
1
What is the hundred thousands digit of 1423005793?
0
What is the tens digit of 45847259?
5
What is the ten millions digit of 667123956?
6
What is the units digit of 34996579?
9
What is the millions digit of 7773501014?
3
What is the ten millions digit of 27767823?
2
What is the thousands digit of 62695469?
5
What is the millions digit of 32712065?
2
What is the ten thousands digit of 339044770?
4
What is the ten thousands digit of 112360376?
6
What is the hundred millions digit of 870148370?
8
What is the billions digit of 5106481970?
5
What is the thousands digit of 317928018?
8
What is the hundred thousands digit of 1394763844?
7
What is the units digit of 151781216?
6
What is the billions digit of 3238251528?
3
What is the thousands digit of 1734976993?
6
What is the tens digit of 123478564?
6
What is the ten millions digit of 600251325?
0
What is the hundred millions digit of 212125396?
2
What is the hundreds digit of 2878903853?
8
What is the ten thousands digit of 230545908?
4
What is the millions digit of 264640162?
4
What is the hundred millions digit of 7556412318?
5
What is the thousands digit of 165968369?
8
What is the units digit of 1183184297?
7
What is the tens digit of 409308463?
6
What is the units digit of 57697020?
0
What is the ten thousands digit of 101638185?
3
What is the hundreds digit of 381864535?
5
What is the millions digit of 59818607?
9
What is the thousands digit of 3517321?
7
What is the units digit of 1867092552?
2
What is the hundred millions digit of 1398146789?
3
What is the thousands digit of 71401970?
1
What is the hundreds digit of 258785386?
3
What is the ten millions digit of 207636603?
0
What is the units digit of 93665813?
3
What is the hundreds digit of 80234141?
1
What is the millions digit of 453220296?
3
What is the millions digit of 135475582?
5
What is the ten thousands digit of 44931518?
3
What is the millions digit of 6975826?
6
What is the tens digit of 392640434?
3
What is the units digit of 173883480?
0
What is the ten thousands digit of 617513543?
1
What is the ten millions digit of 51284605?
5
What is the tens digit of 1263456659?
5
What is the hundred millions digit of 208599219?
2
What is the ten thousands digit of 2621854?
2
What is the millions digit of 1931424133?
1
What is the units digit of 10703264?
4
What is the thousands digit of 7721912?
1
What is the hundred thousands digit of 3226364094?
3
What is the hundreds digit of 49162874?
8
What is the ten millions digit of 1684210782?
8
What is the hundred millions digit of 1629154104?
6
What is the billions digit of 1624823259?
1
What is the tens digit of 33339441?
4
What is the ten millions digit of 59663929?
5
What is the hundred thousands digit of 61208151?
2
What is the millions digit of 623685851?
3
What is the hundred thousands digit of 1585937781?
9
What is the ten thousands digit of 31416141?
1
What is the hundreds digit of 95123152?
1
What is the hundred thousands digit of 29891749?
8
What is the billions digit of 3998041473?
3
What is the ten millions digit of 155142686?
5
What is the hundred thousands digit of 255950205?
9
What is the units digit of 368693710?
0
What is the millions digit of 255094771?
5
What is the units digit of 953198683?
3
What is the hundred millions digit of 318698014?
3
What is the tens digit of 58443429?
2
What is the millions digit of 407342917?
7
What is the hundreds digit of 50586142?
1
What is the units digit of 4678710253?
3
What is the tens digit of 715867164?
6
What is the units digit of 36853402?
2
What is the units digit of 31457200?
0
What is the hundreds digit of 759370209?
2
What is the hundred millions digit of 1541885379?
5
What is the ten millions digit of 68457818?
6
What is the thousands digit of 25787978?
7
What is the units digit of 8882729?
9
What is the hundreds digit of 44626484?
4
What is the billions digit of 2038086035?
2
What is the hundred millions digit of 1904705704?
9
What is the millions digit of 1413765431?
3
